erivative of s**5/20 - s**4/4 + s**3/2 - 5*s**2/2 + 1679*s + 2. Suppose -3*t - 7 = -j, 1 = 3*j + 5*t - 6. Calculate u(j).
23
Let c be (-26)/12 + 4/6 - 24725/9890. Let u(d) be the second derivative of 2*d**2 + 1/3*d**3 + 2*d + 0. Calculate u(c).
-4
Let q(s) = 5*s + 104. Suppose -36 = 15*n - 4*n + 195. What is q(n)?
-1
Let k be (-9)/2*2*-1. Let m be ((-121)/(-11) - 8/2) + 1. Let h(n) = n**3 - n**2 - n - m*n**2 - 123 + 128. Determine h(k).
-4
Let l be (438/(-18) + 17)*(-1 + 4). Let y(c) = 3*c + 68. Give y(l).
2
Let b(f) = f**3 - 36*f**2 + 66*f + 62. Suppose -156*u - 5*m = -159*u + 82, 3*u - 9*m = 66. Calculate b(u).
-6
Let z(i) = -8*i**2 + 8*i**2 - 9*i**2 + 8*i**2 - 19*i. Determine z(-17).
34
Let h(x) = 2*x**2 + 23*x + 24. Let l = -1211 - -1210. What is h(l)?
3
Let l(v) = -14*v**2 - 81*v + 17. Let f be (-10 - -22) + -36 - -18. Give l(f).
-1
Let p = -330297 + 330301. Let u(c) be the third derivative of -c**6/120 + c**5/12 - c**4/12 + 4*c**3/3 + c**2. Determine u(p).
16
Let r(b) = -2*b + 4. Let u = -805 - -801. What is r(u)?
12
Let c(t) be the second derivative of 5*t**3/6 + 10*t**2 - 2*t. Let r(h) = -14*h - 59. Let w(y) = -11*c(y) - 4*r(y). Let b = -27314 + 27307. Give w(b).
9
Suppose -25 = -5*j + 5*c, 4*c + 25 = -3*j + 26. Let o(q) = -q**2. Let r(g) = -g**2 - 4*g + 5. Let l(i) = 2*o(i) - r(i). Determine l(j).
-2
Let m(a) be the second derivative of -a**4/12 - a**3/3 + a**2 - 159*a. Calculate m(4).
-22
Let a = -229 + 220. Let h(p) be the second derivative of p**4/12 + 11*p**3/6 + 3*p**2/2 - 2*p. Determine h(a).
-15
Let i(h) = 6*h + 156. Let v be i(-25). Let j(q) = -5 + 0*q + 3 + 4 - 6*q + v. What is j(4)?
-16
Let g(l) be the second derivative of l**5/20 + 5*l**4/12 - l**3/6 - 13*l**2/2 + 148*l + 2. Calculate g(-5).
-8
Suppose -277*f + 548 + 283 = 0. Let v(a) = -80*a + 257. Calculate v(f).
17
Let x(s) be the third derivative of -29*s**4/24 + s**3/6 + 14514*s**2. Calculate x(-5).
146
Let p(c) be the second derivative of -c**5/20 - c**4/2 - c**3/3 - 3*c**2 - 3*c. Let k be (-12)/((-3)/18 - 4/8). Suppose -8*r + 11*r + k = 0. Give p(r).
6
Let n(m) = -m**2 + 11*m + 4. Let p(r) = 5*r**2 - 46*r - 13. Let v(a) = -9*n(a) - 2*p(a). Give v(0).
-10
Let p(u) = -6*u**2 + 95*u + 23. Suppose -h - 3*f + 19 = 0, 5*f - 35 = -4*h + 34. What is p(h)?
7
Let n(i) = 27*i + 27. Let o be n(-1). Let m(h) = h**2 + h + 2. Determine m(o).
2
Let g(p) = -p**2 - 1. Let m(i) = 2*i**2 - 4. Let q(o) = 5*g(o) - m(o). Let j(k) = -k**3 - 23*k**2 - 4. Let s(r) = 2*j(r) - 7*q(r). What is s(2)?
-5
Let c(g) = -5*g**2 - 22*g + 299. Let n be c(-10). Let x(a) = 5*a**2 - 95*a + 1. Calculate x(n).
1
Suppose -5*n = -4*z + 556, -z + 428 = -4*n - 2*z. Let s be 0*((-117)/n - 3/4). Suppose s = -7*a - 8 - 34. Let y(w) = w**2 + 6*w - 2. Calculate y(a).
-2
Let l be (4/(-44)*0 - (1 - -8)) + 10. Let a(z) = 188*z + 2. Give a(l).
190
Let a(f) = 5*f - 4. Let w be a(0). Let b be w/(-8)*-7*2. Let x(v) = v**2 + 9*v - 7. What is x(b)?
-21
Let z(o) be the first derivative of o**2/2 - 5*o + 95. Let p be z(2). Let s(l) = -5*l - 4. Calculate s(p).
11
Let b(m) be the third derivative of m**5/30 - 2*m**4/3 + 7*m**3/2 + 5*m**2 - 83*m. Determine b(5).
-9
Let i(f) be the third derivative of f**5/12 + 23*f**4/6 - 55*f**3/6 - 273*f**2 + 2*f. Calculate i(-19).
2
Let z(l) be the first derivative of -l**3/3 - 5*l**2/2 - 6*l + 4. Suppose 114 + 546 = -110*h. Give z(h).
-12
Let d(q) = 10*q + q**3 + 414 + 250*q**2 - 386 - 122*q**2 - 121*q**2. What is d(-6)?
4
Let p(m) be the first derivative of m**4/4 + 34*m**3/3 - 17*m**2 + 11*m + 6212. Determine p(-35).
-24
Let o(j) be the third derivative of -j**6/720 - j**5/20 - j**4/3 + 3*j**2. Let y(b) be the second derivative of o(b). Let h be (-1)/(1/1 + 24/(-36)). Give y(h).
-3
Let y(d) = -72*d + 43 - d**2 - 74*d - 71*d + 223*d. Give y(-4).
3
Let g(w) = -2*w**2 + 12*w - 4. Suppose v - 1 - 4 = -2*i, 2*i - v = 7. What is g(i)?
14
Let d(a) = -5*a + 52. Let g be d(10). Suppose 2*m - b = 6, -g*m - 5*b = -14 - 4. Let z(f) = 2*f - 5 + 5*f**3 - 4*f**2 + 4 + 0*f**3 - m*f**3. Calculate z(3).
-4
Let x(s) = -13*s**2 + 7*s - 22. Let a(p) = 7*p**2 - 4*p + 12. Let b(r) = 11*a(r) + 6*x(r). Let q = -21 - -18. Determine b(q).
-3
Let a be ((-14)/8 + 2)*268 + 3. Let x(l) = -l**3 + 7*l**2 + 8*l - 7. Let f be x(8). Let g be 20/a - 5/f. Let d(w) = -4*w**2 - w + 1. Give d(g).
-4
Let u(w) = w - 3. Let p(n) = -2 - n**2 - 4*n**2 + 4*n**2 + 8*n. Suppose 21 = -4*z + 9*z - 2*z. Let q be p(z). Determine u(q).
2
Let n(s) be the first derivative of 31*s**3/6 - s**2/2 + 88*s + 59. Let k(y) be the first derivative of n(y). Give k(1).
30
Suppose -3*b = 2*b - 5*y + 10, -5*y - 10 = 5*b. Let j be (-2)/(-1)*(-3)/(-2). Let g(a) = 4 + j*a - 3*a + 3*a - 2*a. Calculate g(b).
2
Suppose 0 = 5*b - 7*b + 2. Let o(u) = -u**2 + 5 + u - 10 + 5 - 3*u**3 + 0*u**3. Determine o(b).
-3
Let q(k) = -k**3 + 114*k**2 - 310*k - 2547. Let j be q(111). Let c(a) = -a**3 + 9*a**2 - 10*a - 26. What is c(j)?
22
Let g = -10 + 19. Let t(d) be the second derivative of d**4/12 - 4*d**3/3 - 2*d**2 + d + 23. What is t(g)?
5
Let l(o) = o**3 + 10*o**2 - 13*o - 21. Let r(j) = -j**2 + 84*j + 626. Let u be r(-7). Give l(u).
1
Let b(d) = -4*d**2 - 2*d - 6. Let g(r) = -9*r**2 - 3*r - 12. Let c(i) = -7*b(i) + 3*g(i). Let t be c(-4). Let u(w) = -w**2 + w - 1. Give u(t).
-3
Let c(w) = -5*w**3 - 45*w**2 - 4*w + 11. Let s(y) = y**3 + 11*y**2 + y - 3. Let i = -692 + 694. Let q(j) = i*c(j) + 9*s(j). Give q(9).
4
Suppose -4*a + 4 + 28 = 0. Suppose 9*y - 4 - 23 = 0. Let l(z) = -2 + 3 - 6*z + y + 5*z. Determine l(a).
-4
Let p be -5 - (3 + -9) - -2*1. Let i(y) = -2*y**2 - 15*y + 8. Let o(h) = h**2 + 13*h - 7. Let j(v) = p*o(v) + 2*i(v). What is j(6)?
13
Let u be -3 + (5 - -1) + -1. Let i be (6/u - 3) + -7 + 9. Let c(j) = -5*j**2 + 2*j + 2. Calculate c(i).
-14
Let w(q) be the third derivative of -q**6/120 + q**5/15 - q**4/6 + q**3/3 - q**2. Let u = 96 + -70. Suppose u = 12*o + o. Calculate w(o).
2
Let j(r) = 2*r**3 + 96*r**2 + 92*r - 88. Let s be j(-47). Let o(u) = -29*u + 171. Give o(s).
-3
Let p(l) = -3*l**2 - 11*l - 7. Suppose 21 = -3*x - 34*j + 32*j, 0 = 5*j. What is p(x)?
-77
Let p(c) = -133*c**3 + c**2 - 5*c + 4. Suppose -129*h - 14 = -143. Give p(h).
-133
Let q(x) = -2*x**2 + x + 54. Let p be q(0). Suppose p*a = 50*a. Suppose 2 = 2*j, a*j - 24 = -5*l - 4*j. Let w(m) = -m**2 + 2*m - 4. Calculate w(l).
-12
Let f(i) = -i**2 - i + 2. Let d = -6 - -5. Let w be -2*((-9)/2 - d). Suppose w = -b + 2. Calculate f(b).
-18
Let c(v) = v**3 - 4*v**2 + 2*v + 3. Let p(d) = -24*d**2 + 3. Let w be p(2). Let u = w - -133. Let r = -37 + u. Give c(r).
0
Let v(t) be the first derivative of 3*t**4/4 + 4*t**3/3 - 3*t**2/2 + t + 12. Let m be v(1). Let k(s) = -2*s + 4. Calculate k(m).
-6
Let g(d) = 9*d**3 - 307*d**2 + 36*d - 72. Let s be 2*(390/20 + -3 + 4/8). Give g(s).
-4
Let x(p) = -p + 11. Suppose -4*c - 330 = w, 4*w - 4*c + 766 + 554 = 0. Let j = w + 346. What is x(j)?
-5
Let k(t) = -5*t + 2. Let c = -5 + 7. Let v(n) = -6*n - 2 + 5*n**2 - 2 - 2*n**2 - c + n**3. Let a be v(-4). Give k(a).
-8
Suppose 2 = h - 3*b, -248*b + 247*b = 3*h - 6. Let x(z) be the first derivative of -h*z**2 + z - 1/3*z**3 + 5. Determine x(-3).
4
Let w(f) = 18*f - 5*f - 11 + 7 + 25. Calculate w(-3).
-18
Let n = 14 - 4. Suppose -2 = 2*r - n, -5*d + 381 = -r. Let k(p) = d - 149 + p + 69. Calculate k(6).
3
Let g(r) = r - 14. Suppose -3*x = -6, 0 = 3*n + x - 89 - 63. Suppose -4*k - 23 = -w - 0*w, n = 4*w - 2*k. Calculate g(w).
-3
Let x(s) = -33679*s**2 + 1 + 33679*s**2 - s - s**3. Let d(a) = -a - 2 + 3 + 0. Let b be d(0). What is x(b)?
-1
Let h(l) = -2219*l**3 + 4423*l**3 - 21*l**2 - 2203*l**3 + 21*l - 17. What is h(20)?
3
Let t be (12 - 15)*19/(-3). Suppose 0 = 4*h + 13 + t. Let q(c) = c**3 + 9*c**2 + 13*c + 7. Let r(f) = f. Let n(j) = q(j) - 6*r(j). Calculate n(h).
15
Let n(r) be the first derivative of -r**3/3 + r**2 + 8*r + 395. Give n(-5).
-27
Let y(q) be the second derivative of q**3/6 + 7*q**2 + 3*q. Let x(t) = t**3 - 11*t**2 - t - 4. Let v be x(11). Let b be 0/(5 - 20/v*-3). Give y(b).
14
Let t = -12944 + 12978. Let d(i) = 3*i**2 - 102*i + 14. What is d(t)?
14
Let f(n) = n**3 - 3*n**2 + 3*n - 1. Let k(q) = -q + 16. Let d be 84/9*(14/4 + -2). Let r be k(d). What is f(r)?
1
Suppose 446 + 40 = 6*c. Let n(w) = -2*w 